mmon factor of j and x.
3
Let g(k) = -1. Let z(q) = -q**2 + 8*q - 6. Let l(w) = g(w) - z(w). Let m be l(8). Calculate the greatest common factor of 55 and m.
5
Suppose -3*h + 3*n + 95 = -2*h, -2*h + 3*n + 193 = 0. What is the greatest common factor of h and 28?
14
Suppose 0 = -2*f + 4*v + v + 39, -5*f + 120 = -5*v. Calculate the greatest common factor of 27 and f.
27
Let c = -16 + 13. Let b = c + 11. What is the greatest common divisor of b and 8?
8
Let y = -1 - -1. Let w be (-9)/(2/(-14) + y). What is the highest common divisor of 9 and w?
9
Suppose -3*y + 22 + 68 = 0. What is the greatest common divisor of y and 135?
15
Let g(u) = 6*u**3 - 1 - 14*u**2 + 0 + 15*u**2. Let v be g(1). Calculate the greatest common divisor of 66 and v.
6
Let r(z) = 3*z**2 - 2*z - 1. Let g be r(3). Let j(y) = 7*y**3 - 5*y**2 + 2*y. Let l be j(2). Calculate the highest common divisor of g and l.
20
Let p(d) = d + 6. Let w be p(-3). Suppose -o + q = -1, 0*q - 2*q = w*o - 13. Calculate the greatest common divisor of 1 and o.
1
Suppose 2*p = -4*t + 10, 2*t + 3*t - 2 = p. Let l(u) = u - 2. Let n be l(0). Let c = p + n. Calculate the greatest common factor of 9 and c.
1
Suppose 0*q = 5*s + 3*q - 20, -12 = -s + q. Let i = s + -5. Suppose 0 = -j + i*j - 13. Calculate the greatest common factor of j and 13.
13
Let i = 2 - -1. Let g(o) = o**3 + 37*o**2 + 27. Let l be g(-37). What is the greatest common factor of i and l?
3
Let w be 156/(-16)*1/(9/(-24)). What is the highest common divisor of 78 and w?
26
Let p(m) = 2*m - 9. Let l be p(7). Let f = -3 - -4. What is the highest common divisor of l and f?
1
Let i(t) = 5*t**2 - 10*t + 19. Let g be i(3). Calculate the highest common factor of 68 and g.
34
Let f(o) = 22*o + 3. Let d be f(1). Calculate the highest common factor of 10 and d.
5
Let g(s) = 16*s - 2. Let x be g(2). What is the highest common factor of 6 and x?
6
Suppose -13*o = -9*o - 80. Let r be -1 - 0 - (-11 + 0). What is the greatest common factor of o and r?
10
Let o(q) = q**3 - 5*q**2 - 3*q + 6. Let d be o(6). Let s be -18*(-2)/6*10. Calculate the greatest common factor of d and s.
12
Suppose 3*o - 113 = m, 2*m + 92 = 2*o - 2*m. Let p(h) = -2*h - 1. Let i be p(-5). What is the highest common factor of i and o?
9
Let a = -32 - -64. Suppose 0 = -3*x + x + 16. Calculate the greatest common factor of a and x.
8
Suppose 107 = 3*t - 58. Calculate the highest common divisor of 22 and t.
11
Let i(x) = 5*x + 2. Let m be i(3). Suppose -5*v = -5*q + 430, -5*q + 422 = -v + 4*v. What is the greatest common divisor of m and q?
17
Suppose 31 = 2*o + 3*q, -3*q = 5*o - q - 83. Calculate the highest common factor of o and 102.
17
Suppose 5*i - 3*i = 0. Let w be -1 - (-2 + i + -1). Let z be 1/(1*(-3)/(-24)). Calculate the highest common factor of z and w.
2
Let z(c) = 7 + c - 3 + 0. Let a be z(5). What is the highest common factor of 3 and a?
3
Suppose -7*i = -8*i + 37. What is the greatest common divisor of 148 and i?
37
Suppose h + y = -4*h + 82, -3*h + 54 = 3*y. What is the highest common factor of h and 24?
8
Suppose -k - 4 = 0, -3*o + 5*k = -5*o + 88. Suppose -6 = 3*l - 4*l. Calculate the highest common factor of o and l.
6
Suppose 20 = -5*u + 6*u. What is the greatest common factor of u and 50?
10
Let m(v) = 22*v**2 + 12*v - 1. Let z be m(8). Let a be z/7 + 6/21. Let l = -138 + a. Calculate the highest common divisor of l and 7.
7
Let j be (-3 + 4)/((-1)/(-110)). Suppose -q = -6*q - 3*x + j, -20 = 4*x. Calculate the greatest common divisor of q and 25.
25
Suppose 4*s - 616 = -0*s + 4*h, -5*s = h - 746. Calculate the highest common factor of s and 90.
30
Let j = 7 - 1. What is the greatest common divisor of j and 2?
2
Let g be (27/15)/(3/10). Let f be (g/(-4))/(6/(-16)). Let y be (-8)/f - -7*5. Calculate the greatest common factor of 11 and y.
11
Let m = -104 - -116. Let y = 3 + -6. Let f be (-1 - 43*1)*y. What is the greatest common divisor of m and f?
12
Suppose 0 = -5*m + 4*g + 1100, -4*m + 839 = -0*g + 5*g. What is the highest common divisor of 24 and m?
24
Suppose -5*m = 5*c - 6*c + 137, 4*m - 164 = -c. What is the highest common factor of c and 19?
19
Suppose 684 = 12*z + 96. What is the greatest common factor of 7 and z?
7
Let l = 50 + -26. What is the highest common factor of 120 and l?
24
Let y be (-2)/(-1 - -3)*2. Let d be (-122)/y - 2/2. Calculate the highest common factor of 24 and d.
12
Suppose r + 15 = -4*r, 2*r = 4*k - 22. What is the greatest common divisor of 56 and k?
4
Suppose 4*s + 2*p = -44, -s = -4*s + 5*p - 7. Let f be 4/(-12) + (-138)/s. Let w be ((-15)/(-2))/((-3)/(-42)). What is the greatest common factor of f and w?
15
Let a be ((-16)/10)/((-10)/2300). Suppose -3*h + a = -h. What is the highest common factor of 23 and h?
23
Let r be 3/(-2)*(-132)/(-18). Let a be (-1)/(-1) + (-7 - r). Suppose -4*q = 3*i - 21 - 28, -57 = -4*q + a*i. Calculate the greatest common factor of 104 and q.
13
Suppose 3*o - o + 3*r - 166 = 0, 2*r = 5*o - 415. Suppose 5*p - o - 142 = 0. What is the highest common divisor of 5 and p?
5
Suppose 481 = 8*d - 439. What is the highest common divisor of d and 23?
23
Let n = 23 + -5. Let h(j) = -j**2 + 7*j + 4. Let s be h(6). Let w(a) = 6*a - 15. Let c be w(s). What is the greatest common factor of n and c?
9
Let n(p) be the third derivative of p**5/60 - p**4/12 + p**3/2 - 3*p**2. Let l be n(6). What is the highest common factor of 9 and l?
9
Suppose -2*h - 6 = -34. Calculate the highest common factor of 112 and h.
14
Let h be 3*(24 - -4)/4. Let x = -80 + 122. What is the highest common factor of x and h?
21
Suppose 3*b - 11 = -2. Calculate the greatest common divisor of b and 12.
3
Suppose -7 = -b + 5. Let i(u) = 0*u**2 + u**2 + 84 - 4*u + 3*u. Let c be i(0). What is the highest common divisor of c and b?
12
Suppose a = 6*a - 690. Suppose -2*w + a = 3*z - 0*w, 4*z - 186 = -2*w. What is the greatest common divisor of z and 16?
16
Suppose -203 = -4*o + 501. What is the highest common factor of 16 and o?
16
Let r(x) = x**2 - 2*x - 6. Let y be r(5). Suppose -2*d - 3*d = 0. Suppose d = -t - 2*t + 108. What is the greatest common divisor of t and y?
9
Suppose 4*g = 5*r + 40, -20 = 3*r + 2*r. What is the greatest common factor of g and 45?
5
Let m be ((-9)/(-2))/((-2)/(-4)). Let g = 83 + -77. What is the highest common divisor of g and m?
3
Let o(q) = 10*q**3 + q**2 - q. Let f be o(1). What is the greatest common divisor of 25 and f?
5
Let b = -2 + 5. Suppose -b*v + v + 6 = 0. Let r = 34 + -13. What is the highest common divisor of v and r?
3
Suppose 3*k - i = 191, -4*i = 2*k - 2*i - 130. Calculate the greatest common factor of 8 and k.
8
Suppose 6 = 3*t - 2*t + r, t - 3*r = -10. Suppose -v + 3 + 20 = 0. Let y = v + -9. Calculate the greatest common factor of t and y.
2
Suppose 5*o = -8*t + 3*t + 500, -2*t = 4*o - 398. Let z be (-18)/(-4) + 3/(-6). Suppose -z*u + 23 = -13. What is the greatest common factor of o and u?
9
Let l(i) = i**3 - 7*i**2 - 8*i + 8. Let q be l(8). Let r = q - 1. Let s(n) = n**2 - n + 1. Let h be s(3). What is the greatest common divisor of r and h?
7
Let g = 4 - 4. Suppose z = 3*l - 9, g*l + z = -l - 1. Let s be (-210)/(-18) - l/(-6). Calculate the greatest common factor of s and 108.
12
Let m(b) = -b**2 - 15*b - 5. Let y be m(-14). Suppose -5*q - 32 = -527. What is the highest common divisor of y and q?
9
Let c be 12 + 15/((-105)/(-28)). Suppose 3*x + 0 = 3. Let i be (62 - -2) + -1 + x. Calculate the highest common divisor of c and i.
16
Let q = 129 + -54. What is the highest common factor of 25 and q?
25
Suppose 4*l - 38 = 790. Let z be 29 + (-9)/3 - 3. What is the greatest common divisor of l and z?
23
Let l(q) = -q**2 - 12*q - 27. Let o be l(-11). Let w = 17 + o. Calculate the greatest common divisor of w and 4.
1
Suppose 4*k + 92 = 16. Let i = k - -33. Calculate the greatest common divisor of i and 70.
14
Suppose 0*d = 3*d + 5*s - 13, 4*d - 4*s = -36. Let f be 574/35 + d/10. Calculate the greatest common divisor of 48 and f.
16
Suppose 0 = -5*a + 22 + 68. Suppose -2*q - 5*r - 6 = -0*r, -5*q = -4*r - a. Calculate the highest common divisor of q and 2.
2
Let y(t) = 4*t**2 + 2*t - 2. Let z = -15 - -10. Let i be y(z). Let r = 22 + -14. What is the highest common divisor of i and r?
8
Let v(r) = -r**3 + r**2 + r 